- 5*f - 3901 = 3*r, 3861 = i*r + 3*f. What is the hundreds digit of r?
9
Let c = 71604 - 19038. What is the ten thousands digit of c?
5
Let g = -245 + 114. Let k = 228 + g. Suppose -2*h - h - 5*n = -k, -4*h - 2*n = -148. What is the units digit of h?
9
Suppose 0*k - 3*z - 27 = -4*k, 2*z = -10. Suppose 0*m = k*m + 252. Let v = 119 + m. What is the tens digit of v?
3
Let c = 76 + -72. Let t be 15/10 - (-534)/c. What is the units digit of 1*-10*t/(-18)?
5
Suppose -689*s - 137119 = -716*s + 165065. What is the thousands digit of s?
1
Suppose -7 = -3*i + 11*y - 12*y, y + 14 = 4*i. Suppose z = -3*c + 400, 2*z - 792 = -i*c + c. What is the units digit of z?
4
Suppose -3*d - 7 = 4*t - 5*t, 2*t - 4 = -4*d. What is the tens digit of (-189)/9*(0 + d)?
2
Let t(y) = 55*y**2 + 33*y - 179. What is the hundreds digit of t(9)?
5
Suppose 16*b - 12*b = -k + 126652, 94935 = 3*b - 6*k. What is the tens digit of b?
6
What is the hundreds digit of (-4036620)/(-1092) - 6/(-13)?
6
Suppose -25 = -5*d + 2*v, 5*d - d + 3*v + 3 = 0. Suppose -d*c + 52 = 7. What is the tens digit of 6 - 4/2 - (c + -79)?
6
Suppose -23*y + 24*y - 6 = 0. Suppose -y*v = v - 539. What is the units digit of v?
7
Let h be (24*7)/(1 + -2) + 0. What is the tens digit of (5/((-30)/(-52)))/((-16)/h)?
9
Let c be 1 - (3 - 4)*1. Suppose 0 = 2*l - c*j - 138, -2*j = 4*l - 151 - 107. Suppose -x = -39 - l. What is the tens digit of x?
0
Suppose 7*a + 14 = 4*s + 9*a, -20 = 4*a. Suppose -5*w = s + 14, 0 = 5*f + 5*w - 1900. What is the units digit of f?
4
Let g = -1561 - -3785. What is the tens digit of g?
2
Let n(m) = 27*m**3 + 12*m**2 + 5*m - 3. Suppose 26 = -0*c + 5*c - 2*h, -5*c + 32 = -4*h. What is the tens digit of n(c)?
3
Suppose 5*o = 5*b - 2*b + 13, 5*b - 25 = -o. Suppose 5*f - 62 = -2*a, o*a - 45 = 4*f + 143. What is the units digit of a?
6
Let a(c) = c**2 + c - 5. Let x = 104 - 123. What is the tens digit of a(x)?
3
Suppose 10 = -2*n, -2*h - 3*n = h + 174. Let g = -59 - h. What is the units digit of 187 + -1 + 5 + g?
5
Let i(n) = 190*n**3. Let c(q) = 18*q - 485. Let r be c(27). What is the tens digit of i(r)?
9
Let o be 64/(-8) + 7 + 31. Suppose -33*h + 466 = -o*h + 5*g, 2*h - g = 302. What is the units digit of h?
2
Let o be -5 + (-3 - -13) + -566 + 0. Let z = o - -714. What is the tens digit of z?
5
Let y(u) = -u**3 + 11*u + u + 20*u**2 - 3*u - 4*u**2 + 34. What is the units digit of y(13)?
8
Let n be (-4)/(-5)*(-85)/(-2). Suppose n*z - 30*z = 64. What is the tens digit of (z/(-24))/((-2)/129)?
4
What is the hundreds digit of 879445/40 + (-9)/72 - 7?
9
Let y(b) = -233*b - 84 + 233*b - 2*b**3 - 2*b**2. Let q(l) = -4*l**3 - 5*l**2 - 169. Let c(d) = 2*q(d) - 5*y(d). What is the tens digit of c(0)?
8
Let b(a) = a**2 + 8*a + 2. Let r be b(-6). Let i(k) be the third derivative of k**5/60 + k**4/12 + 11*k**3/6 + 2885*k**2. What is the tens digit of i(r)?
9
Let r(a) = -10*a**3 + 2*a**2 + 3*a - 4. Let m be r(2). Let g be -2 - ((-4)/(-14) - (-11640)/m). Let l = 279 - g. What is the tens digit of l?
1
What is the hundreds digit of 1 - 4 - 167136/(0 - 6)?
8
Let q(o) = 55*o - 29. Let v be q(6). Let g = -79 + v. What is the tens digit of g?
2
Let q = 2768 - -4687. What is the thousands digit of q?
7
Suppose 5*f - 42060 = -4*y, 2*y + 38556 = 5*f - 3534. What is the hundreds digit of f?
4
Let w be (1 - -2)/(51/(-12) + 4). Let t = -159 + -183. What is the units digit of (16/6)/(w/t)?
6
Let t = -8781 + 26859. What is the tens digit of t?
7
Suppose -3181 = -23*n + 14759. Suppose -n = 14*w - 2754. What is the hundreds digit of w?
1
Suppose 2*u - 16 = 5*r, 0 = 14*r - 16*r. Suppose 12*n = u*n + 2976. What is the units digit of n?
4
Let f = 3973 - -9302. What is the hundreds digit of f?
2
Let w(t) = 711*t**2 - 173*t - 1. What is the hundreds digit of w(4)?
6
Suppose -18*i = -15*i - 126. Suppose 2*d - 18 = -u - 0*u, 5*u - i = -4*d. Suppose d*j - 1 = 519. What is the tens digit of j?
6
Let a(q) = 1094*q - 3057. What is the thousands digit of a(14)?
2
Suppose -14*h + 320139 = 46771 + 19926. What is the tens digit of h?
0
Let g = -34 + -393. Let y = 778 + g. What is the tens digit of y?
5
Suppose 10*d = 58692 + 76738. What is the ten thousands digit of d?
1
Suppose 3*x - 122913 = -3*l + 25308, 2*l = -5*x + 247038. What is the hundreds digit of x?
4
Let c(n) = -n**2 + 64*n + 8268. What is the units digit of c(0)?
8
Let d = 5244 - 2881. What is the thousands digit of d?
2
Suppose -4*y - 18 = -7*y. Let o(b) be the third derivative of -b**4/24 + 14*b**3/3 + 509*b**2. What is the units digit of o(y)?
2
Let w(o) = 1198*o**3 - 26*o**2 + 130*o + 25. What is the tens digit of w(4)?
0
Let z be (10 - (-1053 - 10)) + -4*1. Let t = z - 574. What is the tens digit of t?
9
Suppose -4966045 = -9*k - 190*k. What is the thousands digit of k?
4
Let g be 4*-25*(-5)/100. Suppose -2*d + 1220 = -2*m, -d - 179 + 789 = g*m. What is the hundreds digit of d?
6
Let i(d) = -671*d + 801. What is the ten thousands digit of i(-44)?
3
Let u(g) = g**3 - 20*g**2 + 2*g - 19. Let y be u(20). Let c be 9/y - 22/(-14). Suppose p = 3*p - 2*x - 66, 71 = c*p - 3*x. What is the tens digit of p?
2
Let q be (-8 + 3 - (-1731)/3) + 6. Let i = q - -769. What is the thousands digit of i?
1
Let h = -6986 - -15350. What is the thousands digit of h?
8
Let m(j) = -4*j + 24. Let f be m(5). Suppose 0*b = -2*g - 5*b + 22, 33 = 3*g + f*b. What is the units digit of g?
1
Let k be (-34)/51 - (-89)/3. Let p = k + -24. Let s(r) = -r**2 + 9*r + 6. What is the tens digit of s(p)?
2
Let r(g) = 1576*g + 2897. What is the thousands digit of r(9)?
7
Let d(a) = a**3 + 3*a**2 + 2*a + 1962. Let g be d(0). Suppose -2*l - 2*r = -1696, -3*l + 561 = -4*r - g. What is the hundreds digit of l?
8
Suppose -2*f + 158*n = 154*n - 2716, 0 = -4*f + 2*n + 5414. What is the thousands digit of f?
1
Let p(q) = 911*q**2 + 164*q - 7. What is the tens digit of p(4)?
2
Let j be (60/5)/(15 + -14). Suppose 0 = 28*s + j*s - 42840. What is the thousands digit of s?
1
Suppose -70387 = 2859*c - 2883*c - 15091. What is the tens digit of c?
0
Let i = 4349 - -9754. What is the thousands digit of i?
4
Let j = 58 - 38. What is the hundreds digit of 8/10*5050/j?
2
Let r = 495 - 324. Suppose -20*c - r = -17*c. Let d = 227 + c. What is the units digit of d?
0
Let j = -53152 - -106012. What is the units digit of j?
0
Suppose 2*s + 2 = 0, -29*j = -34*j - 5*s + 147995. What is the ten thousands digit of j?
2
Suppose -n + f + 15942 = 0, -4*n - 13*f + 63763 = -16*f. What is the units digit of n?
7
Suppose -d + 5*f + 3093 = 0, -f + 12345 = 3*d + 2986. What is the hundreds digit of d?
1
Suppose 2*y = -3*g + 133070, 72 = 4*y + 56. What is the thousands digit of g?
4
Let h be (668/(-5))/4 + (-4)/(-10). Let s be 1/3 - 11/(h/32). Let y(q) = q**3 - 11*q**2 + 8*q - 13. What is the units digit of y(s)?
5
Let h(x) = x**3 + 25*x**2 + 29*x - 99. What is the units digit of h(-21)?
6
Let k be 4/6*(1 + -14632). What is the units digit of 14/(-91) + k/(-26)?
5
Let g(f) = 6 - 16 - 9 + 172*f - 41 - 3. What is the tens digit of g(5)?
9
Suppose 6*a + 415 + 3923 = 0. Let z = a - -1370. What is the units digit of z?
7
Let p = 35823 + 6131. What is the tens digit of p?
5
Suppose 0 = -3*a - 3*q + 102 - 6, -5*q + 20 = 0. Suppose 2 = 3*i - a. Suppose -29 = -r + i. What is the tens digit of r?
3
Let j(i) = -376*i + 2157. What is the ten thousands digit of j(-51)?
2
Let x(k) = -8 + 6 - 3 - 5 - 68*k. What is the hundreds digit of x(-20)?
3
Suppose -361 = -t + 555. Suppose -2*x - 908 + t = 0. What is the units digit of x?
4
Let s(c) = c**2 - c + 1. Let g be s(1). Let f(d) = -905*d - 489. Let h be f(-1). Suppose -g = 5*a - h. What is the tens digit of a?
8
Let d(g) be the third derivative of 53*g**4/24 + g**3/2 + 2*g**2 + 28*g. What is the units digit of d(2)?
9
Let n(y) = 7*y - y**2 + 65 - 117 + 58. Let q be n(7). What is the hundreds digit of (q/(-2))/(-1) + (-14 - -124)?
1
Suppose 17*v - 14213 - 6238 = 0. Suppose -56*m + v = -53*m. What is the hundreds digit of m?
4
Suppose o + 19 = s, 3*o = s - 7 - 4. Suppose -b + 94 + s = 0. What is the units digit of b?
7
Suppose -184*n - 183967 + 11121 = -1546038. What is the units digit of n?
3
Let n(x) = -x**2 - 17*x - 18. Let l be 0/(-2) + -2 - 14. Let m be n(l). Let i = m + 19. What is the tens digit of i?
1
Let w